 is the hundreds digit of 231893?
8
What is the ten thousands digit of 215215?
1
What is the units digit of 55347?
7
What is the hundred thousands digit of 1064456?
0
What is the ten thousands digit of 759492?
5
What is the ten thousands digit of 44588323?
8
What is the ten millions digit of 22357968?
2
What is the units digit of 6803152?
2
What is the hundred thousands digit of 1609883?
6
What is the ten millions digit of 28932332?
2
What is the tens digit of 2404056?
5
What is the thousands digit of 5593922?
3
What is the units digit of 1633160?
0
What is the millions digit of 9784701?
9
What is the hundred thousands digit of 11768202?
7
What is the hundred thousands digit of 132128?
1
What is the hundred thousands digit of 9864326?
8
What is the units digit of 4098011?
1
What is the hundreds digit of 692599?
5
What is the millions digit of 2327222?
2
What is the hundred thousands digit of 830152?
8
What is the ten millions digit of 13167248?
1
What is the tens digit of 569807?
0
What is the hundred thousands digit of 107502?
1
What is the ten thousands digit of 481266?
8
What is the units digit of 328711?
1
What is the ten thousands digit of 32979247?
7
What is the tens digit of 172917?
1
What is the tens digit of 1185982?
8
What is the ten thousands digit of 2221928?
2
What is the tens digit of 3724938?
3
What is the millions digit of 4181993?
4
What is the tens digit of 4403088?
8
What is the hundreds digit of 305803?
8
What is the tens digit of 836185?
8
What is the thousands digit of 1282948?
2
What is the thousands digit of 832473?
2
What is the hundred thousands digit of 105284?
1
What is the ten millions digit of 25797595?
2
What is the hundred thousands digit of 8536663?
5
What is the ten thousands digit of 317656?
1
What is the hundreds digit of 263654?
6
What is the ten thousands digit of 125580?
2
What is the tens digit of 3013742?
4
What is the units digit of 985657?
7
What is the thousands digit of 4073080?
3
What is the thousands digit of 619441?
9
What is the units digit of 1541030?
0
What is the thousands digit of 1881741?
1
What is the ten thousands digit of 160191?
6
What is the hundreds digit of 1278898?
8
What is the thousands digit of 875861?
5
What is the ten thousands digit of 9467637?
6
What is the ten millions digit of 11860067?
1
What is the units digit of 243009?
9
What is the units digit of 184772?
2
What is the units digit of 268701?
1
What is the tens digit of 2620827?
2
What is the thousands digit of 10107092?
7
What is the thousands digit of 154996?
4
What is the ten thousands digit of 78942?
7
What is the millions digit of 8150504?
8
What is the hundred thousands digit of 636576?
6
What is the millions digit of 4342756?
4
What is the thousands digit of 142246?
2
What is the hundreds digit of 1157142?
1
What is the hundred thousands digit of 793188?
7
What is the tens digit of 18415000?
0
What is the tens digit of 182812?
1
What is the tens digit of 132181?
8
What is the ten thousands digit of 360005?
6
What is the millions digit of 2357776?
2
What is the tens digit of 7393806?
0
What is the hundreds digit of 977301?
3
What is the thousands digit of 25116341?
6
What is the hundreds digit of 3351695?
6
What is the millions digit of 1147052?
1
What is the hundred thousands digit of 342315?
3
What is the thousands digit of 641850?
1
What is the thousands digit of 391058?
1
What is the tens digit of 145271?
7
What is the thousands digit of 1377950?
7
What is the ten thousands digit of 194969?
9
What is the tens digit of 374719?
1
What is the tens digit of 32744?
4
What is the ten thousands digit of 438293?
3
What is the hundreds digit of 42047?
0
What is the tens digit of 16068449?
4
What is the thousands digit of 2857977?
7
What is the tens digit of 22?
2
What is the thousands digit of 1922122?
2
What is the units digit of 868242?
2
What is the thousands digit of 14471562?
1
What is the units digit of 372379?
9
What is the millions digit of 2051753?
2
What is the hundreds digit of 51941?
9
What is the hundreds digit of 60884?
8
What is the hundred thousands digit of 11334316?
3
What is the thousands digit of 25587573?
7
What is the thousands digit of 2372053?
2
What is the tens digit of 353984?
8
What is the thousands digit of 7889260?
9
What is the hundred thousands digit of 4623879?
6
What is the tens digit of 27831068?
6
What is the units digit of 354923?
3
What is the hundred thousands digit of 6582788?
5
What is the units digit of 156019?
9
What is the thousands digit of 705506?
5
What is the hundreds digit of 8511468?
4
What is the thousands digit of 12196944?
6
What is the hundreds digit of 4008257?
2
What is the ten thousands digit of 1068223?
6
What is the thousands digit of 156909?
6
What is the hundred thousands digit of 250204?
2
What is the millions digit of 7400939?
7
What is the ten thousands digit of 786985?
8
What is the ten thousands digit of 359112?
5
What is the tens digit of 3352644?
4
What is the tens digit of 529708?
0
What is the tens digit of 122547?
4
What is the ten thousands digit of 26680216?
8
What is the ten millions digit of 21492281?
2
What is the tens digit of 2202078?
7
What is the tens digit of 355480?
8
What is the hundred thousands digit of 1986967?
9
What is the millions digit of 3718521?
3
What is the ten thousands digit of 6037896?
3
What is the hundreds digit of 981931?
9
What is the hundred thousands digit of 41498949?
4
What is the tens digit of 264773?
7
What is the thousands digit of 4061905?
1
What is the tens digit of 131697?
9
What is the tens digit of 74435?
3
What is the tens digit of 5138769?
6
What is the thousands digit of 434254?
4
What is the thousands digit of 17194289?
4
What is the units digit of 104128?
8
What is the hundreds digit of 769527?
5
What is the hundred thousands digit of 9146242?
1
What is the thousands digit of 32423746?
3
What is the hundreds digit of 219975?
9
What is the hundred thousands digit of 870147?
8
What is the hundreds digit of 373767?
7
What is the tens digit of 944191?
9
What is the thousands digit of 4315575?
5
What is the hundreds digit of 259618?
6
What is the ten millions digit of 15276946?
1
What is the thousands digit of 1825959?
5
What is the hundreds digit of 67496?
4
What is the tens digit of 291287?
8
What is the hundred thousands digit of 7507345?
5
What is the hundred thousands digit of 3603936?
6
What is the thousands digit of 1239126?
9
What is the hundreds digit of 846959?
9
What is the ten millions digit of 28654919?
2
What is the hundreds digit of 4649860?
8
What is the hundred thousands digit of 6036572?
0
What is the hundred thousands digit of 2340636?
3
What is the hundreds digit of 10648699?
6
What is the tens digit of 17153216?
1
What is the tens digit of 292955?
5
What is the units digit of 979195?
5
What is the hundreds digit of 159750?
7
What is the units digit of 14877699?
9
What is the thousands digit of 3571762?
1
What is the millions digit of 1710812?
1
What is the tens digit of 1249367?
6
What is the hundred thousands digit of 12024742?
0
What is the thousands digit of 748953?
8
What is the hundred thousands digit of 2152531?
1
What is the hundred thousands digit of 930745?
9
What is the hundreds digit of 905810?
8
What is the tens digit of 6523287?
8
What is the ten thousands digit of 212413?
1
What is the hundred thousands digit of 493488?
4
What is the units digit of 4525947?
7
What is the tens digit of 895635?
3
What is the units digit of 18511861?
1
What is the units digit of 622988?
8
What is the hundred thousands digit of 134118?
1
What is the ten thousands digit of 328817?
2
What is the hundreds digit of 383284?
2
What is the ten thousands digit of 1545084?
4
What is the millions digit of 1004961?
1
What is the ten thousands digit of 14406338?
0
What is the hundreds digit of 9177373?
3
What is the ten thousands digit of 1104908?
0
What is the tens digit of 6027948?
4
What is the hundred thousands digit of 4224730?
2
What is the tens digit of 527826?
2
What is the thousands digit of 1947616?
7
What is the hundred thousands digit of 24183646?
1
What is the thousands digit of 60358?
0
What is the hundreds digit of 546827?
8
What is the thousands digit of 279653?
9
What is the hundreds di